).
76
Let h(p) = 6*p**2 - 455*p + 403. What is h(75)?
28
Let n(k) = -k**2 - 69403*k - 1942484. Calculate n(-28).
16
Let n(g) = 16501*g - 18778151. What is n(1138)?
-13
Let n(h) = 21526*h - 43016. Give n(2).
36
Let q(m) = -271*m + 36655. Determine q(136).
-201
Let q(p) = 2*p**2 - 19195*p + 57573. What is q(3)?
6
Let h(k) = -3*k**2 - 1367*k - 43757. What is h(-421)?
27
Let t(q) = -75124*q - 75378. Give t(-1).
-254
Let c(s) = 134576*s + 134531. Calculate c(-1).
-45
Let q(i) = -i**3 - 151*i**2 - 435*i + 907. Calculate q(-148).
-425
Let w(a) = -a**2 - 338852*a + 2371979. Give w(7).
-34
Let j(a) = 31*a**2 + 190*a + 938. Give j(-5).
763
Let d(j) = 6309*j + 36491. Calculate d(-6).
-1363
Let v(d) = d**3 + 57*d**2 + 781*d + 54. Calculate v(-35).
-331
Let z(i) = 4*i**2 - 6774*i + 40502. Give z(6).
2
Let z(c) = -17*c**2 + 1461*c - 24550. Determine z(23).
60
Let d(g) = 246371*g - 2463735. Determine d(10).
-25
Let d(m) = 1054*m - 28120. What is d(27)?
338
Let k(c) = -25118*c + 326573. Calculate k(13).
39
Let b(m) = -m**3 - 391*m**2 + 2772*m - 5578. Calculate b(-398).
-6
Let y(v) = 6*v**3 - 225*v**2 + 631*v - 19198. Give y(37).
42
Let n(c) = -2*c**2 - 125037*c + 1250589. Determine n(10).
19
Let n(c) = -3317*c - 46626. Determine n(-14).
-188
Let c(p) = -8*p**3 - 102*p**2 + 15*p - 115. Give c(-13).
28
Let p(y) = -3*y**3 - 62*y**2 + 618*y - 3. Give p(-28).
-59
Let q(c) = 2*c**2 + 121*c + 1078. Give q(-48).
-122
Let o(u) = -2*u**2 + 882*u - 67233. Calculate o(98).
-5
Let i(y) = -y**2 + 57*y + 373. What is i(-7)?
-75
Let g(k) = 2466*k + 21571. Give g(-9).
-623
Let x(l) = -272*l**2 - 8585*l + 3809. Calculate x(-32).
1
Let r(l) = -88*l + 26469. What is r(293)?
685
Let b(i) = -24*i**2 + 2295*i + 8018. Determine b(99).
-1
Let f(t) = 3*t**2 - 671*t + 9965. Give f(16).
-3
Let k(g) = -77*g + 4403. Give k(62).
-371
Let p(s) = -6197*s - 2838281. Determine p(-458).
-55
Let r(y) = -41528*y + 539881. Determine r(13).
17
Let a(w) = -73*w**2 - 739*w + 736. What is a(1)?
-76
Let t(z) = -76*z**2 + 48986*z + 21917. Determine t(645).
-13
Let g(a) = 3942*a - 488840. Calculate g(124).
-32
Let z(g) = -98*g + 18455. Determine z(196).
-753
Let h(x) = 37*x**2 - 716*x + 227. What is h(19)?
-20
Let o(s) = s**2 - 34*s - 6194. Determine o(88).
-1442
Let y(l) = 4*l**3 - 597*l**2 + 1325*l - 293. Determine y(147).
1
Let a(g) = 210*g + 21778. What is a(-103)?
148
Let n(v) = v**2 - 539155*v + 7008849. Determine n(13).
3
Let n(l) = 42*l**3 + 15*l**2 + 2*l + 8. What is n(-2)?
-272
Let k(m) = 7*m**3 + 65*m**2 + 325*m + 2755. Determine k(-9).
-8
Let z(q) = 33585*q - 134507. Give z(4).
-167
Let x(p) = 2*p**3 + 47*p**2 + 292*p + 390. Give x(-14).
26
Let b(h) = 47*h - 2483. Give b(85).
1512
Let r(i) = -13*i + 757. Determine r(59).
-10
Let q(v) = 5*v**2 + 1974*v + 7853. Calculate q(-4).
37
Let c(l) = 3*l**3 - 81*l**2 - 280*l - 51. Calculate c(-3).
-21
Let t(g) = -2*g**2 + 1743*g + 19416. Calculate t(-11).
1
Let q(u) = 3*u**3 + 1322*u**2 + 3517*u + 5693. Determine q(-438).
-1
Let t(k) = -k**3 - 497*k**2 - 489*k - 243010. What is t(-497)?
23
Let u(c) = -c**2 + 371*c - 3858. What is u(11)?
102
Let t(c) = -23511*c - 117563. Calculate t(-5).
-8
Let p(f) = 304*f**2 + 14971*f + 3623. Determine p(-49).
-52
Let u(b) = b**3 + 18*b**2 + 211*b + 2629. Give u(-12).
961
Let w(f) = -72*f + 3075. Calculate w(44).
-93
Let u(z) = 2*z**3 + 118*z**2 + 1593*z - 768. Calculate u(-22).
2
Let u(t) = 4*t**3 - 11*t**2 - 55*t + 41. What is u(10)?
2391
Let t(n) = 2*n**2 + 1433*n - 52622. Determine t(35).
-17
Let w(g) = g**3 - 561*g**2 + 923*g + 388. What is w(2)?
-2
Let i(h) = -h**3 + 34*h**2 - 1558*h + 47822. What is i(32)?
14
Let s(n) = -n**2 - 325*n + 56872. Determine s(126).
46
Let n(o) = -369*o + 8967. What is n(25)?
-258
Let a(q) = 85*q + 2516. Give a(-17).
1071
Let h(c) = -30*c**3 - 30*c**2 - 32*c - 32. Give h(-1).
0
Let a(p) = -p**2 + 1259*p - 163542. Calculate a(147).
-78
Let d(c) = c**3 + 11*c**2 + 46*c + 1522. Give d(-15).
-68
Let n(t) = 2*t**2 + 4767*t - 293220. Determine n(60).
0
Let o(p) = 12736*p - 63619. What is o(5)?
61
Let a(x) = -12*x**2 - 3190*x + 65546. What is a(-285)?
-4
Let l(t) = -t**3 - 130*t**2 + 2673*t + 75. Give l(18).
237
Let f(j) = -j**3 - 2914*j**2 + 26320*j - 112. What is f(9)?
5
Let f(z) = -z**3 - 39*z**2 + 1409*z + 54885. What is f(-37)?
14
Let o(f) = -70*f**3 + 78*f**2 + 3*f - 2. Give o(1).
9
Let a(n) = -523*n**2 + 3145*n - 13. Determine a(6).
29
Let a(p) = 92*p**2 - 477*p + 656. Give a(4).
220
Let s(i) = 7*i**3 + 9*i**2 + 1300*i - 7837. What is s(6)?
1799
Let m(a) = a**2 - 20188*a + 161434. Determine m(8).
-6
Let v(q) = 6*q**3 - 451*q**2 + 1728*q - 78. Determine v(4).
2
Let b(u) = -7*u**2 + 1030*u - 11511. Determine b(135).
-36
Let l(q) = -49*q**2 + 2002*q + 6834. Calculate l(44).
58
Let j(c) = 2*c**3 - 72*c**2 + 124*c + 144. Determine j(34).
-264
Let w(z) = 28757*z - 29641. Give w(1).
-884
Let m(b) = -99*b**2 - 7876*b + 88654. Calculate m(10).
-6
Let y(t) = -4*t**3 + 180*t**2 - 6*t + 260. Give y(45).
-10
Let p(d) = 12*d**2 - 1012*d - 4975. Calculate p(89).
9
Let i(o) = -54847*o + 219384. Determine i(4).
-4
Let r(d) = 2*d**2 - 30*d - 309. Give r(-16).
683
Let p(c) = -64*c**2 - 2853*c + 980. Give p(-45).
-235
Let a(k) = -k**2 + 12*k + 36. Determine a(-11).
-217
Let u(h) = 26*h**2 - 647*h - 3208. Calculate u(-5).
677
Let f(a) = -3*a**2 - 207*a - 3009. What is f(-47)?
93
Let q(a) = -13*a**2 + 57325*a - 114599. Calculate q(2).
-1
Let w(b) = -325*b - 1292. Calculate w(-7).
983
Let c(b) = 6244*b + 74784. Give c(-12).
-144
Let m(q) = -65291*q - 457047. Calculate m(-7).
-10
Let m(z) = 69421*z - 416525. Give m(6).
1
Let q(d) = 2*d**2 - 556*d + 23487. Calculate q(226).
-17
Let v(g) = -106547*g + 1491669. Calculate v(14).
11
Let b(n) = n**2 - 10*n - 109. Determine b(-6).
-13
Let z(n) = -3242*n - 1102300. Determine z(-340).
-20
Let y(u) = u**3 + 480*u**2 + 7518*u + 1714. Determine y(-16).
210
Let v(t) = -2*t**3 - 36*t**2 - 33*t - 529. Determine v(-18).
65
Let o(h) = -2*h**2 + 9036*h + 108742. Calculate o(-12).
22
Let x(u) = 3*u**3 + 27*u**2 - 36*u - 24. Calculate x(-10).
36
Let t(j) = 2*j**3 - 137*j**2 - 78*j + 9817. What is t(68)?
-111
Let p(x) = -67169*x + 3962969. What is p(59)?
-2
Let v(p) = 2*p**3 + 7*p**2 + 8690*p + 61154. Determine v(-7).
-19
Let t(b) = -42*b**2 - 8*b - 242. Calculate t(-6).
-1706
Let q(o) = -3*o**3 - 87*o**2 + 4721*o - 3816. Calculate q(-57).
3
Let g(j) = -j**3 + 62*j**2 - 215*j + 2603. Calculate g(59).
361
Let j(r) = 23*r**2 + 243*r + 341. Calculate j(-13).
1069
Let j(o) = -15*o**2 - 34*o - 51. What is j(7)?
-1024
Let b(l) = l**2 + 32906*l + 361841. Give b(-11).
-4
Let x(j) = -14110*j - 56363. What is x(-4)?
77
Let p(o) = 46*o + 1932. Determine p(-19).
1058
Let j(n) = 2*n**2 + 116*n + 198. Give j(-58).
198
Let t(u) = -1186*u**2 - 3684*u - 384. Calculate t(-3).
-6
Let a(r) = 160*r + 29048. Give a(-159).
3608
Let q(u) = 27564*u + 275640. Calculate q(-10).
0
Let g(t) = 4*t**2 + 69*t + 15. Determine g(-26).
925
Let k(q) = 8*q**3 + 128*q**2 + 125*q + 24. Determine k(-15).
-51
Let f(b) = b**3 + 66*b**2 + 1016*b + 192. Determine f(-24).
0
Let p(j) = 156*j**2 + 2367*j + 4402. Determine p(-13).
-5
Let j(x) = x**3 + 2*x**2 - 28*x - 251. Determine j(10).
669
Let i(s) = 185*s**2 + 65*s - 3. Calculate i(1).
247
Let s(a) = -16*a**2 - 5725*a + 114529. What is s(19)?
-22
Let p(g) = 1030*g - 14363. Calculate p(13).
-973
Let l(f) = f**3 - 739*f**2 + 110407*f + 21765. Give l(531).
-6
Let u(l) = 2*l**3 + 142*l**2 - 3942*l - 7163. What is u(-92)?
13
Let z(s) = 3820*s - 194346. What is z(51)?
474
Let r(m) = -170*m**3 - m**2 + m + 2. Give r(-1).
170
Let t(i) = 9*i**3 + 275*i**2 - 120*i + 90. Give t(-31).
-34
Let g(p) = -7*p**2 + 190*p - 72. Determine g(12).
1200
Let k(b) = -1044*b + 9104. Give k(8).
752
Let p(j) = j**3 + 28*j**2 - 343*j + 69. Calculate p(9).
-21
Let q(t) = -4769*t + 386293. Determine q(81).
4
Let g(i) = -i**3 + 5*i**2 + 291*i - 2123. Determine g(8).
13
Let o(w) = -16*w**2 + 2259*w + 2279. What is o(-1)?
4
Let k(g) = -150*g - 13187. What is k(-88)?
13
Let t(k) = -1255*k**2 - 40175*k - 448. Give t(-32).
32
Let w(p) = -2*p**2 - 9*p + 3169. Determine w(-42).
19
Let m(o) = 8831*o - 1748451. Calculate m(198).
87
Let n(c) = -6*c**3 - 21*c**2 + 49*c + 51. Calculate n(-5).
31
Let m(l) = -l*